{"id":763,"date":"2025-11-19T21:14:15","date_gmt":"2025-11-19T21:14:15","guid":{"rendered":"https:\/\/solutionmassage.com\/boutique\/?post_type=product&#038;p=763"},"modified":"2026-03-04T16:59:41","modified_gmt":"2026-03-04T16:59:41","slug":"763","status":"publish","type":"product","link":"https:\/\/solutionmassage.com\/boutique\/produit\/763\/","title":{"rendered":"Hypervolt Go 2"},"content":{"rendered":"<div>\n<h2>Fait pour bouger<\/h2>\n<div class=\"jsx-4151723889 body\">\n<p class=\"jsx-1539121121 body large \">L&rsquo;appareil de massage \u00e0 percussion portable, ultime. L\u00e9ger, polyvalent et \u00e9l\u00e9gant, il offre du bien-\u00eatre \u00e0 port\u00e9e de main lors de vos d\u00e9placements &#8211; en massant le stress et la tension, en desserrant les n\u0153uds musculaires et en ciblant la fatigue. C&rsquo;est plus qu&rsquo;un simple pistolet de massage ordinaire &#8211; il est con\u00e7u pour les fonceurs comme vous pour vous aider \u00e0 faire ce que vous aimez, plus encore.<\/p>\n<\/div>\n<\/div>\n<div>\n<div class=\"jsx-4151723889 items\">\n<div class=\"jsx-4151723889 card\">\n<article class=\"jsx-3533684007\">\n<div class=\"jsx-3533684007 data\">\n<h3 class=\"jsx-3037105511 h5 \"><strong>Le bien-\u00eatre qui bouge avec vous<\/strong><\/h3>\n<div class=\"jsx-3533684007 body\">\n<p class=\"jsx-1187677891 body medium \">The Hypervolt Go 2 makes your body feel like new. Warm-up fast, release stress and tension, and unlock tight muscles, wherever your life takes you. Just a few minutes a day will help you feel revived and find your full range of motion.<\/p>\n<h3 id=\":r3:-title\" class=\"jsx-1539121121 body large bold \"><strong>Aussi puissant que portable<\/strong><\/h3>\n<div class=\"jsx-2081834263 content\">\n<p class=\"jsx-3558530530 body small \">\u00c0 seulement 680g, il se glisse parfaitement dans votre sac et s&rsquo;int\u00e8gre parfaitement dans votre maison. Avec 3 heures d&rsquo;autonomie par charge et la technologie brevet\u00e9e QuietGlide\u00ae pour des sessions ultra-silencieuses, l&rsquo;Hypervolt Go 2 \u00e9quilibre puissance et portabilit\u00e9 pour un massage profond\u00e9ment satisfaisant.<\/p>\n<h3 id=\":r4:-title\" class=\"jsx-1539121121 body large bold \"><strong>Conception qui offre<\/strong><\/h3>\n<div class=\"jsx-2081834263 content\">\n<p class=\"jsx-3558530530 body small \">Le nouveau Hypervolt Go 2 a un design sophistiqu\u00e9 qui est \u00e0 la fois beau et agr\u00e9able \u00e0 prendre en main. Il est con\u00e7u pour durer, avec des mat\u00e9riaux de haute qualit\u00e9, une ergonomie intuitive et une finition gris arctique moderne.<\/p>\n<\/div>\n<\/div>\n<div class=\"jsx-2656281547 section\">\n<div class=\"jsx-2656281547 header\">\n<h3 class=\"jsx-1539121121 body medium bold \" role=\"heading\" aria-level=\"3\"><strong>D\u00e9tails et sp\u00e9cifications<\/strong><\/h3>\n<div id=\":rg::section:0\" role=\"region\" aria-labelledby=\":rg::accordion:0\">\n<div class=\"jsx-2656281547 content\">\n<ul>\n<li class=\"jsx-1539121121 body small \">Poids<\/li>\n<\/ul>\n<p class=\"jsx-1187677891 body small \">680 gr<\/p>\n<ul>\n<li class=\"jsx-1539121121 body small \">Taille<\/li>\n<\/ul>\n<p class=\"jsx-1187677891 body small \">17 x 18.5 x 5 cm<\/p>\n<ul>\n<li class=\"jsx-1539121121 body small \">Vie de la batterie<\/li>\n<\/ul>\n<p class=\"jsx-1187677891 body small \">3 heures<\/p>\n<ul>\n<li class=\"jsx-1539121121 body small \">La vitesse<\/li>\n<\/ul>\n<p class=\"jsx-1187677891 body small \">3 vitesses de percussion<\/p>\n<ul>\n<li class=\"jsx-1539121121 body small \">Moteur<\/li>\n<\/ul>\n<p class=\"jsx-1187677891 body small \">Moteur sans brosse \u00e0 couple \u00e9lev\u00e9 de 40w.<\/p>\n<ul>\n<li class=\"jsx-1539121121 body small \">Adapt\u00e9 aux voyages<\/li>\n<\/ul>\n<p class=\"jsx-1187677891 body small \">Portabilit\u00e9 approuv\u00e9 par la TSA<\/p>\n<ul>\n<li class=\"jsx-1539121121 body small \">Applicateurs de t\u00eate<\/li>\n<\/ul>\n<p class=\"jsx-1187677891 body small \">2 (plat, balle)<\/p>\n<\/div>\n<\/div>\n<\/div>\n<\/div>\n<div class=\"jsx-2656281547 section\">\n<div class=\"jsx-2656281547 header\">\n<h3 class=\"jsx-1539121121 body medium bold \" role=\"heading\" aria-level=\"3\">Ce qui est inclus avec votre Hypervolt Go<\/h3>\n<div id=\":rg::section:1\" role=\"region\" aria-labelledby=\":rg::accordion:1\">\n<div class=\"jsx-2656281547 content\">\n<dl class=\"jsx-1612517646 dropdown-section-items-with-rows\">\n<dd class=\"jsx-1612517646 term\">\n<dl class=\"jsx-1612517646 dropdown-section-items-with-rows\">\n<dt class=\"jsx-1612517646 term\">\n<p class=\"jsx-1539121121 body small \">Hypervolt Go 2<\/p>\n<\/dt>\n<dd class=\"jsx-1612517646 definition\">\n<p class=\"jsx-1187677891 body small \">L&rsquo;appareil<\/p>\n<\/dd>\n<dt class=\"jsx-1612517646 term\">\n<p class=\"jsx-1539121121 body small \">Source de courant<\/p>\n<\/dt>\n<dd class=\"jsx-1612517646 definition\">\n<p class=\"jsx-1187677891 body small \">Pour garder votre appareil charg\u00e9 o\u00f9 que vous soyez<\/p>\n<\/dd>\n<dt class=\"jsx-1612517646 term\">\n<p class=\"jsx-1539121121 body small \">Applicateurs de t\u00eate<\/p>\n<\/dt>\n<dd class=\"jsx-1612517646 definition\">\n<p class=\"jsx-1187677891 body small \">Pour adapter l&rsquo;appareil au mieux \u00e0 la zone sur laquelle vous vous concentrez<\/p>\n<\/dd>\n<\/dl>\n<\/dd>\n<\/dl>\n<\/div>\n<\/div>\n<\/div>\n<\/div>\n<\/div>\n<\/div>\n<\/article>\n<\/div>\n<\/div>\n<\/div>\n","protected":false},"excerpt":{"rendered":"<p>L&rsquo;appareil de massage \u00e0 percussion portable, ultime. L\u00e9ger, polyvalent et \u00e9l\u00e9gant, il offre du bien-\u00eatre \u00e0 port\u00e9e de main lors de vos d\u00e9placements &#8211; en massant le stress et la tension, en desserrant les n\u0153uds musculaires et en ciblant la fatigue. C&rsquo;est plus qu&rsquo;un simple pistolet de massage ordinaire.<\/p>\n","protected":false},"featured_media":764,"template":"","meta":{"_acf_changed":false},"product_brand":[71],"product_cat":[],"product_tag":[],"class_list":{"0":"post-763","1":"product","2":"type-product","3":"status-publish","4":"has-post-thumbnail","6":"product_brand-hyperice","8":"first","9":"instock","10":"taxable","11":"shipping-taxable","12":"purchasable","13":"product-type-simple"},"acf":[],"_links":{"self":[{"href":"https:\/\/solutionmassage.com\/boutique\/wp-json\/wp\/v2\/product\/763","targetHints":{"allow":["GET"]}}],"collection":[{"href":"https:\/\/solutionmassage.com\/boutique\/wp-json\/wp\/v2\/product"}],"about":[{"href":"https:\/\/solutionmassage.com\/boutique\/wp-json\/wp\/v2\/types\/product"}],"wp:featuredmedia":[{"embeddable":true,"href":"https:\/\/solutionmassage.com\/boutique\/wp-json\/wp\/v2\/media\/764"}],"wp:attachment":[{"href":"https:\/\/solutionmassage.com\/boutique\/wp-json\/wp\/v2\/media?parent=763"}],"wp:term":[{"taxonomy":"product_brand","embeddable":true,"href":"https:\/\/solutionmassage.com\/boutique\/wp-json\/wp\/v2\/product_brand?post=763"},{"taxonomy":"product_cat","embeddable":true,"href":"https:\/\/solutionmassage.com\/boutique\/wp-json\/wp\/v2\/product_cat?post=763"},{"taxonomy":"product_tag","embeddable":true,"href":"https:\/\/solutionmassage.com\/boutique\/wp-json\/wp\/v2\/product_tag?post=763"}],"curies":[{"name":"wp","href":"https:\/\/api.w.org\/{rel}","templated":true}]}}