{"id":651,"date":"2025-11-14T18:30:44","date_gmt":"2025-11-14T18:30:44","guid":{"rendered":"https:\/\/solutionmassage.com\/boutique\/?post_type=product&#038;p=651"},"modified":"2025-11-14T18:31:43","modified_gmt":"2025-11-14T18:31:43","slug":"ensemble-de-vacuotherapie-procup-arthro","status":"publish","type":"product","link":"https:\/\/solutionmassage.com\/boutique\/produit\/ensemble-de-vacuotherapie-procup-arthro\/","title":{"rendered":"Ensemble de vacuoth\u00e9rapie PROCup Arthro"},"content":{"rendered":"<p><strong>Indications pour l&rsquo;ensemble PROCup Arthro:<\/strong><\/p>\n<ul>\n<li>Id\u00e9al pour les muscles et tr\u00e8s efficace pour les petites articulations<\/li>\n<li>Am\u00e9liore la mobilit\u00e9, la flexibilit\u00e9 et la performance sportive<\/li>\n<li>Augmente la circulation &amp; Qi (CHI) \u00e9nergie<\/li>\n<li>Lib\u00e8re et restaure le fascia (tissu conjonctif)<\/li>\n<li>Aide \u00e0 r\u00e9duire l\u2019inflammation, les douleurs musculaires et articulaires<\/li>\n<li>Active le drainage lymphatique (d\u00e9sintoxication)<\/li>\n<li>Diminue le temps de r\u00e9cup\u00e9ration suite \u00e0 une activit\u00e9 sportive ou autres<\/li>\n<\/ul>\n<p>Pour l\u2019utilisation statique et dynamique<\/p>\n<p>La trousse PROCup Arthro contient:<\/p>\n<ul>\n<li>2 ventouses de format moyen<\/li>\n<li>4 ventouses de format petit<\/li>\n<li>Guide d\u2019utilisation<\/li>\n<\/ul>\n<h2><strong>Mise en garde<\/strong><\/h2>\n<p><strong>Effets secondaires possibles pour une utilisation en dynamique:<\/strong><\/p>\n<p>Des rougeurs temporaires, des picotements ou des d\u00e9mangeaisons peuvent \u00eatre possibles, mais g\u00e9n\u00e9ralement normales en raison de la vascularit\u00e9 accrue de la zone trait\u00e9e. Ces effets dispara\u00eetront peu apr\u00e8s le traitement\/massage.<\/p>\n<p>&nbsp;<\/p>\n<p><strong>Effets secondaires possibles pour une utilisation en statique:<\/strong><\/p>\n<p>Des ecchymoses ou rougeurs intenses sont normales pour ce type d\u2019application. Toutes les marques sont temporaires, mais certaines peuvent prendre jusqu&rsquo;\u00e0 une semaine ou plus pour dispara\u00eetre compl\u00e8tement. Une d\u00e9coloration plus sombre est aussi normale et indique g\u00e9n\u00e9ralement plus de stagnation et de d\u00e9chets pr\u00e9sents dans la zone.<\/p>\n<p>Ne jamais chauffer les ventouses Ne pas bouillir ou mettre dans la micro-onde. Ne pas utiliser directement sur des huiles essentielles pures. Tenir loin de la port\u00e9e des enfants.<\/p>\n<p>* Ce produit n&rsquo;est pas destin\u00e9 \u00e0 diagnostiquer, pr\u00e9venir, traiter ou gu\u00e9rir des maladies, des troubles m\u00e9taboliques, des maladies ou des probl\u00e8mes de sant\u00e9.<\/p>\n<p>&nbsp;<\/p>\n","protected":false},"excerpt":{"rendered":"<p>PROCup Arthro est un ensemble de ventouses de diff\u00e9rents volumes d\u2019aspiration pour usage professionnel et personnel.<\/p>\n","protected":false},"featured_media":652,"template":"","meta":{"_acf_changed":false},"product_brand":[67],"product_cat":[],"product_tag":[],"class_list":{"0":"post-651","1":"product","2":"type-product","3":"status-publish","4":"has-post-thumbnail","6":"product_brand-procup","8":"first","9":"instock","10":"taxable","11":"shipping-taxable","12":"purchasable","13":"product-type-simple"},"acf":[],"_links":{"self":[{"href":"https:\/\/solutionmassage.com\/boutique\/wp-json\/wp\/v2\/product\/651","targetHints":{"allow":["GET"]}}],"collection":[{"href":"https:\/\/solutionmassage.com\/boutique\/wp-json\/wp\/v2\/product"}],"about":[{"href":"https:\/\/solutionmassage.com\/boutique\/wp-json\/wp\/v2\/types\/product"}],"wp:featuredmedia":[{"embeddable":true,"href":"https:\/\/solutionmassage.com\/boutique\/wp-json\/wp\/v2\/media\/652"}],"wp:attachment":[{"href":"https:\/\/solutionmassage.com\/boutique\/wp-json\/wp\/v2\/media?parent=651"}],"wp:term":[{"taxonomy":"product_brand","embeddable":true,"href":"https:\/\/solutionmassage.com\/boutique\/wp-json\/wp\/v2\/product_brand?post=651"},{"taxonomy":"product_cat","embeddable":true,"href":"https:\/\/solutionmassage.com\/boutique\/wp-json\/wp\/v2\/product_cat?post=651"},{"taxonomy":"product_tag","embeddable":true,"href":"https:\/\/solutionmassage.com\/boutique\/wp-json\/wp\/v2\/product_tag?post=651"}],"curies":[{"name":"wp","href":"https:\/\/api.w.org\/{rel}","templated":true}]}}