{"id":582,"date":"2025-10-24T13:05:35","date_gmt":"2025-10-24T13:05:35","guid":{"rendered":"https:\/\/solutionmassage.com\/boutique\/?post_type=product&#038;p=582"},"modified":"2025-11-14T12:03:43","modified_gmt":"2025-11-14T12:03:43","slug":"detergent-lessive-sans-parfum","status":"publish","type":"product","link":"https:\/\/solutionmassage.com\/boutique\/produit\/detergent-lessive-sans-parfum\/","title":{"rendered":"D\u00e9tergent lessive &#8211; Sans Parfum"},"content":{"rendered":"<p><strong>Point forts<\/strong><\/p>\n<ul>\n<li>Id\u00e9al pour les personnes ayant une peau sensible et pour les b\u00e9b\u00e9s<\/li>\n<li>Se dissout \u00e0 plus de 95% dans l&rsquo;eau ce qui fait moins de r\u00e9sidus sur les v\u00eatements<\/li>\n<li>Parfait pour les couches lavables<\/li>\n<li>Pr\u00e9serve toutes les couleurs (pastels ainsi que fonc\u00e9es)<\/li>\n<li>Efficace en eau froide<\/li>\n<li>Nettoie, d\u00e9sodorise et assouplit les tissus tout en r\u00e9duisant la statique<\/li>\n<li>Formule ultraconcentr\u00e9e<\/li>\n<li>\u00c0 utiliser sur les v\u00eatements comme d\u00e9tachant<\/li>\n<li>S\u00e9curitaire pour les fosses septiques et biod\u00e9gradable<\/li>\n<li>V\u00e9gane et non test\u00e9 sur les animaux<\/li>\n<li>10L = 400 brass\u00e9es<\/li>\n<li>L&rsquo;innovation 10L est \u00e9cocon\u00e7ue : faite de carton recycl\u00e9, repr\u00e9sente 90% moins de plastique et permet de r\u00e9duire ses gaz \u00e0 effet de serre.<\/li>\n<li>Dimension de la boite 10L : 9.5 pouces de profondeur x 7.5 pouces de largeur x 12.1 pouces de hauteur.<\/li>\n<\/ul>\n","protected":false},"excerpt":{"rendered":"<p>Le D\u00e9tergent \u00e0 lessive Pure, c\u2019est des ingr\u00e9dients bons pour l\u2019environnement et la sant\u00e9, dans une formule tr\u00e8s concentr\u00e9e! Adapt\u00e9 pour les peaux sensibles, il est aussi\u00a0 biod\u00e9gradable et s\u00e9curitaire pour les fosses septiques. Il se dissout \u00e0 95% dans l\u2019eau, ce qui veut dire moins de particules rel\u00e2ch\u00e9es dans la nature et sur les v\u00eatements!\ud83d\udc56<\/p>\n","protected":false},"featured_media":593,"template":"","meta":{"_acf_changed":false},"product_brand":[],"product_cat":[62,61],"product_tag":[],"class_list":{"0":"post-582","1":"product","2":"type-product","3":"status-publish","4":"has-post-thumbnail","6":"product_cat-produits-nettoyants","7":"product_cat-pure","8":"pa_format-10-l","9":"pa_format-2-5-l","11":"first","12":"instock","13":"taxable","14":"shipping-taxable","15":"purchasable","16":"product-type-variable","17":"has-default-attributes"},"acf":[],"_links":{"self":[{"href":"https:\/\/solutionmassage.com\/boutique\/wp-json\/wp\/v2\/product\/582","targetHints":{"allow":["GET"]}}],"collection":[{"href":"https:\/\/solutionmassage.com\/boutique\/wp-json\/wp\/v2\/product"}],"about":[{"href":"https:\/\/solutionmassage.com\/boutique\/wp-json\/wp\/v2\/types\/product"}],"wp:featuredmedia":[{"embeddable":true,"href":"https:\/\/solutionmassage.com\/boutique\/wp-json\/wp\/v2\/media\/593"}],"wp:attachment":[{"href":"https:\/\/solutionmassage.com\/boutique\/wp-json\/wp\/v2\/media?parent=582"}],"wp:term":[{"taxonomy":"product_brand","embeddable":true,"href":"https:\/\/solutionmassage.com\/boutique\/wp-json\/wp\/v2\/product_brand?post=582"},{"taxonomy":"product_cat","embeddable":true,"href":"https:\/\/solutionmassage.com\/boutique\/wp-json\/wp\/v2\/product_cat?post=582"},{"taxonomy":"product_tag","embeddable":true,"href":"https:\/\/solutionmassage.com\/boutique\/wp-json\/wp\/v2\/product_tag?post=582"}],"curies":[{"name":"wp","href":"https:\/\/api.w.org\/{rel}","templated":true}]}}