{"id":371,"date":"2025-07-10T12:50:39","date_gmt":"2025-07-10T12:50:39","guid":{"rendered":"https:\/\/solutionmassage.com\/boutique\/?post_type=product&#038;p=371"},"modified":"2026-04-10T14:37:16","modified_gmt":"2026-04-10T14:37:16","slug":"creme-amande-vanille","status":"publish","type":"product","link":"https:\/\/solutionmassage.com\/boutique\/produit\/creme-amande-vanille\/","title":{"rendered":"La Cr\u00e8me \u2013 Amande et Vanille"},"content":{"rendered":"<h3>AMANDE ET VANILLE<\/h3>\n<p>La cr\u00e8me<\/p>\n<p>Une belle gourmandise vanill\u00e9e pour une peau douce \u00e0 croquer! Cette cr\u00e8me riche et onctueuse est tr\u00e8s appr\u00e9ci\u00e9e pour la douceur et l\u2019hydratation de la peau.<\/p>\n<h3>Qualit\u00e9s<\/h3>\n<p>\u2013 Aliment pour la peau<\/p>\n<p>\u2013 Fra\u00eeche et naturelle<\/p>\n<p>\u2013 Hydratation profonde<\/p>\n<h3>Tr\u00e8s appr\u00e9ci\u00e9 pour les besoins suivants<\/h3>\n<p>\u2013 Pour les amateurs de lait d\u2019amande<\/p>\n<p>\u2013 Pour lutter contre les m\u00e9faits de l\u2019hiver<\/p>\n<p>\u2013 Pour la peau tr\u00e8s s\u00e8che et sensible<\/p>\n","protected":false},"excerpt":{"rendered":"<div class=\"woocommerce-product-details__short-description\">Une belle gourmandise vanill\u00e9e pour une peau douce \u00e0 croquer! Cette cr\u00e8me riche et onctueuse est tr\u00e8s appr\u00e9ci\u00e9e pour la douceur et l\u2019hydratation de la peau.<\/div>\n","protected":false},"featured_media":372,"template":"","meta":{"_acf_changed":false},"product_brand":[66],"product_cat":[27,79],"product_tag":[80],"class_list":{"0":"post-371","1":"product","2":"type-product","3":"status-publish","4":"has-post-thumbnail","6":"product_brand-lherbier","7":"product_cat-lotion-de-corps","8":"product_cat-creme-2","9":"product_tag-creme-2","10":"pa_format-240-ml","12":"first","13":"instock","14":"taxable","15":"shipping-taxable","16":"purchasable","17":"product-type-simple"},"acf":[],"_links":{"self":[{"href":"https:\/\/solutionmassage.com\/boutique\/wp-json\/wp\/v2\/product\/371","targetHints":{"allow":["GET"]}}],"collection":[{"href":"https:\/\/solutionmassage.com\/boutique\/wp-json\/wp\/v2\/product"}],"about":[{"href":"https:\/\/solutionmassage.com\/boutique\/wp-json\/wp\/v2\/types\/product"}],"wp:featuredmedia":[{"embeddable":true,"href":"https:\/\/solutionmassage.com\/boutique\/wp-json\/wp\/v2\/media\/372"}],"wp:attachment":[{"href":"https:\/\/solutionmassage.com\/boutique\/wp-json\/wp\/v2\/media?parent=371"}],"wp:term":[{"taxonomy":"product_brand","embeddable":true,"href":"https:\/\/solutionmassage.com\/boutique\/wp-json\/wp\/v2\/product_brand?post=371"},{"taxonomy":"product_cat","embeddable":true,"href":"https:\/\/solutionmassage.com\/boutique\/wp-json\/wp\/v2\/product_cat?post=371"},{"taxonomy":"product_tag","embeddable":true,"href":"https:\/\/solutionmassage.com\/boutique\/wp-json\/wp\/v2\/product_tag?post=371"}],"curies":[{"name":"wp","href":"https:\/\/api.w.org\/{rel}","templated":true}]}}