{"id":346,"date":"2025-07-09T17:01:14","date_gmt":"2025-07-09T17:01:14","guid":{"rendered":"https:\/\/solutionmassage.com\/boutique\/?post_type=product&#038;p=346"},"modified":"2026-04-10T14:38:36","modified_gmt":"2026-04-10T14:38:36","slug":"bougie-aroma-vitalite-chai","status":"publish","type":"product","link":"https:\/\/solutionmassage.com\/boutique\/produit\/bougie-aroma-vitalite-chai\/","title":{"rendered":"Bougie\\huile Ar\u00f4ma \u2013 Vitalit\u00e9 Cha\u00ef"},"content":{"rendered":"<h3>BOUGIE AR\u00d4MA<\/h3>\n<p>Vitalit\u00e9 Cha\u00ef<\/p>\n<p>Une lumi\u00e8re d\u00e9licate, des effluves naturellement subtils et des sensations douces et charnelles. Pour l\u2019apaisement du corps et de l\u2019esprit. Vous offre des essences aromatiques de plantes et de fleurs en harmonie avec la nature.<\/p>\n<h3>Qualit\u00e9s<\/h3>\n<p>\u2013 Naturelle \u00e0 100 %<\/p>\n<p>\u2013 Non polluante<\/p>\n<p>\u2013 Hydratante<\/p>\n<h3>Tr\u00e8s appr\u00e9ci\u00e9 pour les besoins suivants<\/h3>\n<p>\u2013 Frilosit\u00e9 et manque d\u2019\u00e9nergie<\/p>\n<p>\u2013 Pour un massage vivifiant et \u00e9nergisant<\/p>\n<p>\u2013 Pour une ambiance douce et purifiante dans votre salle de soins ou une petite pi\u00e8ce de la maison<\/p>\n<p>\u2013 Hydratante pour l\u2019\u00e9piderme (id\u00e9ale pour les mains et les pieds gerc\u00e9s)<\/p>\n<p>\u2013 Pour un massage chaud et r\u00e9confortant au niveau des mains et des pieds (en d\u00e9but et en fin de massage)<\/p>\n","protected":false},"excerpt":{"rendered":"<div class=\"woocommerce-product-details__short-description\">\n<p>En fondant, la bougie se transforme en une huile ti\u00e8de que l&rsquo;on applique sur la peau pour effectuer le massage.<\/p>\n<p>Essences aromatiques de plantes et de fleurs en harmonie avec la nature.<\/p>\n<\/div>\n","protected":false},"featured_media":347,"template":"","meta":{"_acf_changed":false},"product_brand":[66],"product_cat":[29],"product_tag":[97],"class_list":{"0":"post-346","1":"product","2":"type-product","3":"status-publish","4":"has-post-thumbnail","6":"product_brand-lherbier","7":"product_cat-huiles","8":"product_tag-bougie","9":"pa_format-110-g","11":"first","12":"instock","13":"taxable","14":"shipping-taxable","15":"purchasable","16":"product-type-simple"},"acf":[],"_links":{"self":[{"href":"https:\/\/solutionmassage.com\/boutique\/wp-json\/wp\/v2\/product\/346","targetHints":{"allow":["GET"]}}],"collection":[{"href":"https:\/\/solutionmassage.com\/boutique\/wp-json\/wp\/v2\/product"}],"about":[{"href":"https:\/\/solutionmassage.com\/boutique\/wp-json\/wp\/v2\/types\/product"}],"wp:featuredmedia":[{"embeddable":true,"href":"https:\/\/solutionmassage.com\/boutique\/wp-json\/wp\/v2\/media\/347"}],"wp:attachment":[{"href":"https:\/\/solutionmassage.com\/boutique\/wp-json\/wp\/v2\/media?parent=346"}],"wp:term":[{"taxonomy":"product_brand","embeddable":true,"href":"https:\/\/solutionmassage.com\/boutique\/wp-json\/wp\/v2\/product_brand?post=346"},{"taxonomy":"product_cat","embeddable":true,"href":"https:\/\/solutionmassage.com\/boutique\/wp-json\/wp\/v2\/product_cat?post=346"},{"taxonomy":"product_tag","embeddable":true,"href":"https:\/\/solutionmassage.com\/boutique\/wp-json\/wp\/v2\/product_tag?post=346"}],"curies":[{"name":"wp","href":"https:\/\/api.w.org\/{rel}","templated":true}]}}