{"id":312,"date":"2025-07-09T16:02:57","date_gmt":"2025-07-09T16:02:57","guid":{"rendered":"https:\/\/solutionmassage.com\/boutique\/?post_type=product&#038;p=312"},"modified":"2025-10-10T14:16:37","modified_gmt":"2025-10-10T14:16:37","slug":"baume-corporel-massage-zema","status":"publish","type":"product","link":"https:\/\/solutionmassage.com\/boutique\/produit\/baume-corporel-massage-zema\/","title":{"rendered":"Baume Corporel et Massage \u2013 Z\u00e9ma"},"content":{"rendered":"<h3>BAUME CORPOREL ET MASSAGE<\/h3>\n<p>ONGUENT<\/p>\n<p>Z\u00e9ma<\/p>\n<p>Ce baume \u00e0 base d\u2019extraits de fleur de calendula*, de millepertuis*, de guimauve* et de saponaire est une petite merveille pour la sant\u00e9 de la peau.<\/p>\n<h3>Qualit\u00e9s<\/h3>\n<p>\u2013 Apaisant, \u00e9mollient et adoucissant<\/p>\n<p>\u2013 R\u00e9g\u00e9n\u00e9ration et protection de la peau<\/p>\n<p>\u2013 Souplesse et hydratation profonde<\/p>\n<p>\u2013 Texture douce, soyeuse et non collante<\/p>\n<h3>Tr\u00e8s appr\u00e9ci\u00e9 pour les besoins suivants<\/h3>\n<p>\u2013 Ecz\u00e9ma, irritations<\/p>\n<p>\u2013 Ger\u00e7ures, h\u00e9morro\u00efdes<\/p>\n<p>\u2013 Psoriasis, peau extr\u00eamement s\u00e8che<\/p>\n<p>\u2013 Pommade apaisante et hydratante<\/p>\n","protected":false},"excerpt":{"rendered":"<div class=\"woocommerce-product-details__short-description\">Ce baume \u00e0 base d\u2019extraits de fleur de calendula*, de millepertuis*, de guimauve* et de saponaire est une petite merveille pour la sant\u00e9 de la peau.<\/div>\n","protected":false},"featured_media":313,"template":"","meta":{"_acf_changed":false},"product_brand":[],"product_cat":[24],"product_tag":[],"class_list":{"0":"post-312","1":"product","2":"type-product","3":"status-publish","4":"has-post-thumbnail","6":"product_cat-baumes","7":"pa_format-100-g","8":"pa_format-15g","10":"first","11":"instock","12":"taxable","13":"shipping-taxable","14":"purchasable","15":"product-type-variable","16":"has-default-attributes"},"acf":[],"_links":{"self":[{"href":"https:\/\/solutionmassage.com\/boutique\/wp-json\/wp\/v2\/product\/312","targetHints":{"allow":["GET"]}}],"collection":[{"href":"https:\/\/solutionmassage.com\/boutique\/wp-json\/wp\/v2\/product"}],"about":[{"href":"https:\/\/solutionmassage.com\/boutique\/wp-json\/wp\/v2\/types\/product"}],"wp:featuredmedia":[{"embeddable":true,"href":"https:\/\/solutionmassage.com\/boutique\/wp-json\/wp\/v2\/media\/313"}],"wp:attachment":[{"href":"https:\/\/solutionmassage.com\/boutique\/wp-json\/wp\/v2\/media?parent=312"}],"wp:term":[{"taxonomy":"product_brand","embeddable":true,"href":"https:\/\/solutionmassage.com\/boutique\/wp-json\/wp\/v2\/product_brand?post=312"},{"taxonomy":"product_cat","embeddable":true,"href":"https:\/\/solutionmassage.com\/boutique\/wp-json\/wp\/v2\/product_cat?post=312"},{"taxonomy":"product_tag","embeddable":true,"href":"https:\/\/solutionmassage.com\/boutique\/wp-json\/wp\/v2\/product_tag?post=312"}],"curies":[{"name":"wp","href":"https:\/\/api.w.org\/{rel}","templated":true}]}}