{"id":278,"date":"2025-07-09T15:05:42","date_gmt":"2025-07-09T15:05:42","guid":{"rendered":"https:\/\/solutionmassage.com\/boutique\/?post_type=product&#038;p=278"},"modified":"2026-04-10T14:21:54","modified_gmt":"2026-04-10T14:21:54","slug":"huile-massage-capillaire","status":"publish","type":"product","link":"https:\/\/solutionmassage.com\/boutique\/produit\/huile-massage-capillaire\/","title":{"rendered":"Huile de massage Capillaire"},"content":{"rendered":"<h3><strong>Huile de massage Capillaire<\/strong><\/h3>\n<p><strong><em>MASAJE THERAPIE vous offre une gamme d\u2019huiles de massage bio v\u00e9g\u00e9tales, \u00e9cologiques, et\u00a0<\/em><\/strong><strong>naturelles.\u00a0<\/strong><strong><em>Une combinaison d\u2019huiles s\u00e8ches pour une glisse optimale, laissant la peau du corps et des mains douce et soyeuse sans sensation de film gras.<\/em><\/strong><\/p>\n<p>Une combinaison d\u2019huiles actives dont l\u2019huile de canneberge du Qu\u00e9bec et l\u2019huile essentielle de c\u00e8dre de l\u2019Atlas pour le massage du cuir chevelu et des soins capillaires.<\/p>\n<p><strong><em>\u00a0<\/em><\/strong><\/p>\n<p><strong>Qualit\u00e9s<\/strong><\/p>\n<ul>\n<li>Huiles actives et naturelles \u00e0 100\u00a0%<\/li>\n<li>Texture douce, soyeuse et non collante<\/li>\n<li>Vivifiante, \u00e9quilibrante et revitalisante<\/li>\n<\/ul>\n<p><strong>Tr\u00e8s appr\u00e9ci\u00e9 pour les besoins suivants<\/strong><\/p>\n<ul>\n<li>Pour la sant\u00e9 et la bonne croissance des cheveux<\/li>\n<li>Stimulation de la microcirculation et oxyg\u00e9nation des bulbes des cheveux<\/li>\n<li>Diminution des tensions au niveau de la tempe et des sinus<\/li>\n<\/ul>\n","protected":false},"excerpt":{"rendered":"<div class=\"woocommerce-product-details__short-description\">Huile de massage Capillaire est une combinaison d\u2019huiles actives dont l\u2019huile de canneberge du Qu\u00e9bec et l\u2019huile essentielle de c\u00e8dre de l\u2019Atlas pour le massage du cuir chevelu et des soins capillaires.<\/div>\n","protected":false},"featured_media":281,"template":"","meta":{"_acf_changed":false},"product_brand":[66],"product_cat":[29],"product_tag":[96],"class_list":{"0":"post-278","1":"product","2":"type-product","3":"status-publish","4":"has-post-thumbnail","6":"product_brand-lherbier","7":"product_cat-huiles","8":"product_tag-huile","9":"pa_format-250ml","10":"pa_format-4l","11":"pa_format-15ml","13":"first","14":"instock","15":"taxable","16":"shipping-taxable","17":"purchasable","18":"product-type-variable","19":"has-default-attributes"},"acf":[],"_links":{"self":[{"href":"https:\/\/solutionmassage.com\/boutique\/wp-json\/wp\/v2\/product\/278","targetHints":{"allow":["GET"]}}],"collection":[{"href":"https:\/\/solutionmassage.com\/boutique\/wp-json\/wp\/v2\/product"}],"about":[{"href":"https:\/\/solutionmassage.com\/boutique\/wp-json\/wp\/v2\/types\/product"}],"wp:featuredmedia":[{"embeddable":true,"href":"https:\/\/solutionmassage.com\/boutique\/wp-json\/wp\/v2\/media\/281"}],"wp:attachment":[{"href":"https:\/\/solutionmassage.com\/boutique\/wp-json\/wp\/v2\/media?parent=278"}],"wp:term":[{"taxonomy":"product_brand","embeddable":true,"href":"https:\/\/solutionmassage.com\/boutique\/wp-json\/wp\/v2\/product_brand?post=278"},{"taxonomy":"product_cat","embeddable":true,"href":"https:\/\/solutionmassage.com\/boutique\/wp-json\/wp\/v2\/product_cat?post=278"},{"taxonomy":"product_tag","embeddable":true,"href":"https:\/\/solutionmassage.com\/boutique\/wp-json\/wp\/v2\/product_tag?post=278"}],"curies":[{"name":"wp","href":"https:\/\/api.w.org\/{rel}","templated":true}]}}